3 + r**2 - 145*r + 411. Calculate g(3).
-555
Let v(c) = c**2 + 3159*c + 50268. Calculate v(-16).
-20
Let p(s) = 1287*s - 11500. What is p(9)?
83
Let o(m) = 1042*m + 162575. Determine o(-156).
23
Let v(g) = -7*g**2 - 2431*g + 4209. Determine v(-349).
21
Let x(s) = s**3 + 15*s**2 - 4701*s - 79334. Calculate x(-17).
5
Let y(k) = -k**3 - 54*k**2 + 133*k - 74. Calculate y(-56).
-1250
Let o(d) = -2*d**2 + 110*d + 893. Calculate o(63).
-115
Let z(m) = m**3 - 271*m**2 - 20660*m + 4675. What is z(333)?
13
Let p(s) = 621066*s - 50306345. Give p(81).
1
Let q(j) = -1741*j + 121693. Calculate q(70).
-177
Let a(c) = 3*c**3 - c**2 - 28*c + 127. Determine a(7).
911
Let z(v) = -102*v + 2556. Determine z(24).
108
Let x(w) = 3*w**2 + 57176*w + 228696. Determine x(-4).
40
Let a(l) = -1406*l - 208348. What is a(-148)?
-260
Let k(v) = v**3 - 6*v**2 + 497*v + 3835. What is k(-7)?
-281
Let d(h) = 1012*h + 1368. Determine d(-1).
356
Let f(j) = -24*j**2 - 1504*j - 10201. Give f(-55).
-81
Let f(c) = -44*c**2 + 998*c + 315. Determine f(23).
-7
Let o(r) = 99*r**2 + 2441*r - 192. Calculate o(-25).
658
Let o(q) = -2*q**3 + 15*q**2 + 21*q - 234. Give o(10).
-524
Let g(k) = -3*k**2 - 255*k - 463. Calculate g(-83).
35
Let h(m) = -1159*m - 4635. Give h(-4).
1
Let x(d) = -3*d**3 + 35*d**2 + 53*d - 556. Determine x(16).
-3036
Let k(i) = -11*i**2 + 794*i + 337. Give k(73).
-320
Let k(g) = 44*g**2 - 2945*g - 77. What is k(67)?
124
Let i(h) = 4*h**2 - 4676*h - 46636. Determine i(-10).
524
Let o(x) = 347*x - 2948. Calculate o(9).
175
Let g(b) = -20*b - 2824. What is g(-263)?
2436
Let i(t) = t**3 + 29*t**2 + 133*t + 150. Give i(-24).
-162
Let h(f) = f**2 - 275*f + 17030. Calculate h(94).
16
Let z(w) = 38*w**2 - 123*w - 1784. Calculate z(-5).
-219
Let r(n) = 564*n + 460. What is r(-2)?
-668
Let u(o) = -6708*o + 113944. What is u(17)?
-92
Let m(r) = r**3 - 26*r**2 - 2891*r + 36673. Determine m(12).
-35
Let o(f) = -9*f**2 - 281*f - 2195. Give o(-14).
-25
Let v(h) = 18*h**2 - 291*h - 1460. Calculate v(-4).
-8
Let q(h) = -3994*h + 59920. Determine q(15).
10
Let v(n) = n**2 + 4645*n + 37094. Calculate v(-8).
-2
Let x(o) = -2*o**2 - 89*o - 86. Determine x(-11).
651
Let h(s) = -24*s**2 - 2161*s - 2094. What is h(-89)?
131
Let m(w) = -358*w - 30417. What is m(-85)?
13
Let x(g) = -2361*g - 25478. Calculate x(-11).
493
Let w(u) = -4001*u + 115748. Determine w(29).
-281
Let z(k) = -k**3 - 18*k**2 - 10647*k - 191639. Give z(-18).
7
Let b(m) = 6*m**3 - 15*m**2 + 1650*m - 3294. What is b(2)?
-6
Let k(v) = 2*v**2 - 134242*v + 5902786. Determine k(44).
10
Let v(c) = -2*c**3 + 44*c**2 + 56*c - 1495. Determine v(18).
2105
Let l(g) = g**2 - 96*g + 2056. Determine l(59).
-127
Let z(y) = -y**2 + 59764*y - 1792034. Give z(30).
-14
Let h(c) = -c**3 + 12*c**2 - 45*c + 2343. Calculate h(17).
133
Let s(y) = y**3 + 39*y**2 + 1202*y + 52690. What is s(-41)?
46
Let v(j) = -411*j**3 + 65*j + 65. What is v(-1)?
411
Let u(l) = -l**3 + 54*l**2 - 676*l + 1046. Give u(36).
38
Let x(n) = 2*n**3 - 13*n**2 - 378*n + 3065. What is x(8)?
233
Let x(b) = -1504287*b - 15042869. What is x(-10)?
1
Let d(r) = -16756*r - 100571. Calculate d(-6).
-35
Let y(m) = 44*m**2 + 53*m + 21. Give y(-1).
12
Let g(f) = 21831*f + 40889461. Determine g(-1873).
-2
Let d(f) = 1039*f**2 - 80001*f - 88. Determine d(77).
66
Let f(v) = -v**3 - 3*v**2 - 206*v + 3361. What is f(14)?
-2855
Let y(i) = -2456*i - 68774. Give y(-28).
-6
Let s(a) = -3*a**2 + 21*a + 4063. Calculate s(41).
-119
Let j(u) = -u**2 - 87*u + 10435. Give j(-154).
117
Let d(h) = 168879*h - 1519975. Give d(9).
-64
Let o(i) = -3977*i + 23830. What is o(6)?
-32
Let d(y) = 2584*y - 87619. Calculate d(34).
237
Let n(k) = 749458*k - 17237538. What is n(23)?
-4
Let i(b) = 3990651*b + 19953230. Give i(-5).
-25
Let n(v) = -4*v**2 + 2081*v + 12581. Give n(-6).
-49
Let t(i) = -i**3 - 118*i**2 + 231*i - 573. Give t(-120).
507
Let s(h) = 8*h**2 + 10499*h - 665906. Determine s(-1373).
-1
Let z(x) = -3748*x - 1015704. Determine z(-271).
4
Let c(f) = 7*f**3 + 1586*f**2 - 2259*f + 4798. Give c(-228).
10
Let v(x) = -x**3 + 60*x**2 + 102*x - 31038. Calculate v(31).
-7
Let x(j) = -4*j**2 + 136*j + 1213. Determine x(46).
-995
Let u(z) = 83780*z + 335163. Determine u(-4).
43
Let n(a) = -a**3 - 21*a**2 - 156*a - 417. Determine n(-6).
-21
Let b(g) = -419*g**2 - 134065*g + 4790. Give b(-320).
-10
Let d(a) = -2*a**3 + 501*a**2 - 18010*a + 143. What is d(207)?
-64
Let p(h) = -9*h**3 + 2498*h**2 - 15986*h - 778. Determine p(271).
35
Let k(x) = x**2 + 341*x - 15654. What is k(41)?
8
Let r(z) = -399*z**2 + 3999*z - 37. What is r(10)?
53
Let v(x) = 17285*x - 120957. Give v(7).
38
Let u(b) = 59*b**2 - 30*b + 146. What is u(5)?
1471
Let x(z) = -173216*z + 1039298. Determine x(6).
2
Let m(s) = 4*s**3 + 144*s**2 - 238*s - 8532. What is m(-36)?
36
Let o(z) = 2232*z**2 - 6711*z + 50. Calculate o(3).
5
Let r(c) = 2*c**2 - 296*c - 27700. Determine r(213).
-10
Let m(n) = -n**3 - 245*n**2 - 710*n + 3767. Determine m(-242).
-105
Let k(y) = 73*y + 6005. Determine k(-83).
-54
Let k(x) = -175*x + 22500. Determine k(127).
275
Let a(g) = 91*g**2 - 1241*g - 482. Determine a(14).
-20
Let f(z) = 70343*z**2 - 7174985*z - 87. Calculate f(102).
15
Let s(n) = -5*n**2 + 360*n - 5240. What is s(15)?
-965
Let l(p) = -30787*p - 1631705. Give l(-53).
6
Let t(j) = j**3 - 41*j**2 - 350*j + 6. Give t(49).
2064
Let n(m) = 7565*m**2 + 121042*m + 49. Calculate n(-16).
17
Let l(b) = -b**2 - 27810*b + 2707007. What is l(97)?
28
Let w(j) = -393*j - 33800. Calculate w(-86).
-2
Let r(m) = 24498*m - 367471. Calculate r(15).
-1
Let k(q) = -q**2 - 231*q + 6665. What is k(26)?
-17
Let q(g) = -7*g**3 + 4*g**2 + 317*g - 313. Give q(1).
1
Let t(i) = -2*i**3 + 35*i**2 - 232*i + 615. What is t(7)?
20
Let f(i) = i**3 - 9*i**2 - 536*i + 3341. Calculate f(6).
17
Let f(d) = 15*d**2 - 835*d + 5815. Determine f(7).
705
Let y(m) = 63*m**2 + 1369*m - 5169. What is y(-25)?
-19
Let d(c) = 3*c**3 + 265*c**2 - 3502*c - 193. Give d(-100).
7
Let u(j) = -2*j**2 - 511*j + 4217. Give u(8).
1
Let n(k) = 7229*k + 12151950. Give n(-1681).
1
Let w(n) = 1262*n - 424045. What is w(336)?
-13
Let d(u) = 313*u - 24070. Calculate d(66).
-3412
Let t(b) = 43*b**3 - b**2 - 74*b + 74. What is t(1)?
42
Let h(g) = -76*g**2 + 20376*g - 2377. Calculate h(268).
-233
Let d(y) = 3110*y**2 + 1334190*y + 10. What is d(-429)?
10
Let y(k) = -14*k**3 - 21142*k**2 - 3002*k + 27181. Give y(-1510).
1
Let i(o) = 257*o + 2533. Give i(-6).
991
Let z(t) = t**2 - 763959*t + 9931302. Give z(13).
4
Let u(b) = 1547*b + 143. Give u(0).
143
Let h(u) = 3*u**3 + 43*u**2 - 103*u - 105. What is h(-17)?
-666
Let d(n) = 65696*n - 13204912. Calculate d(201).
-16
Let x(a) = 3487*a - 672982. What is x(193)?
9
Let n(j) = -203*j**2 + 574*j + 770. Determine n(-1).
-7
Let o(t) = -4455*t + 1982434. Calculate o(445).
-41
Let h(r) = -83*r + 1780. What is h(18)?
286
Let r(o) = 8*o**3 - 12*o**2 - 31*o + 265. Determine r(6).
1375
Let f(l) = l**3 - 80*l**2 - 962*l + 5506. Calculate f(90).
-74
Let g(c) = 42*c**2 - 27491*c - 12448. Determine g(655).
-3
Let f(g) = -562*g - 145560. What is f(-259)?
-2
Let f(g) = -983*g**2 - 1757*g - 1758. Calculate f(-1).
-984
Let z(t) = -5*t**2 + 3448*t + 17329. Determine z(-5).
-36
Let h(i) = 2*i**2 + 120046*i - 360135. Give h(3).
21
Let r(f) = 60897*f - 68. Calculate r(0).
-68
Let r(g) = 242*g + 15707. What is r(-65)?
-23
Let q(r) = -2*r**2 - 1263*r - 63426. Give q(-55).
-11
Let x(o) = 1126*o - 21516. Give x(17).
-2374
Let o(s) = 1056*s - 83377. What is o(79)?
47
Let u(j) = -2*j**2 + 1928*j - 52567. Calculate u(28).
-151
Let u(z) = -5*z**2 + 143*z - 513. What is u(4)?
-21
Let v(u) = 1307*u + 12883. What is v(-10)?
-187
Let b(n) = 76813*n - 153628. Give b(2).
-2
Let m(l) = 72*l**2 - 4244*l - 122. What is m(59)?
114
Let a(n) = 1397*n**2 - 48862*n - 1191. Calculate a(35).
-36
Let o(f) = -3*f**3 + 414*f**2 - 423*f + 1593. What is o(137)?
-51
Let n(m) = -2*m**2 - 140*m - 606. What is n(-69)?
-468
Let l(k) = -k**3 + 14271*k**2 - 156869*k + 101. Calculate l(11).
2
Let u(o) = -17244*o - 68805. Give u(-4).
171
Let h(q) = -q**3 + 62*q**2 - 351*q - 2095. Determine h(55).
-225
Let c(w) = 69*w**3 - 5*w**2 + 10*w. Determine c(2).
552
Let w(n) = -134*n**2 - 507*n + 135. Determine w(-4).
19
Let d(m) = 21460*m + 3455